{"id":5466,"date":"2025-05-24T22:08:02","date_gmt":"2025-05-24T22:08:02","guid":{"rendered":"https:\/\/www.justjoyas.com\/produit\/boucles-doreilles-soleil-en-acier-inoxydable-3\/"},"modified":"2025-05-24T22:08:02","modified_gmt":"2025-05-24T22:08:02","slug":"boucles-doreilles-soleil-en-acier-inoxydable-3","status":"publish","type":"product","link":"https:\/\/www.justjoyas.com\/fr\/produit\/boucles-doreilles-soleil-en-acier-inoxydable-3\/","title":{"rendered":"Boucles d&rsquo;oreilles Soleil en acier inoxydable"},"content":{"rendered":"<h3 data-start=\"148\" data-end=\"242\"><strong data-start=\"149\" data-end=\"219\">Boucles d&rsquo;oreilles Soleil \u2013 Une d\u00e9claration radieuse pour femmes<\/strong><\/h3>\n<p data-start=\"221\" data-end=\"472\">Brillez de mille feux avec ces magnifiques <strong data-start=\"254\" data-end=\"275\">boucles d&rsquo;oreilles soleil,<\/strong> o\u00f9 les rayons dor\u00e9s rencontrent l&rsquo;\u00e9l\u00e9gance d&rsquo;une perle lumineuse. \u00c0 la fois audacieuses et d\u00e9licates, elles \u00e9voquent l&rsquo;\u00e9nergie solaire, la gr\u00e2ce f\u00e9minine et la beaut\u00e9 intemporelle <strong data-start=\"430\" data-end=\"449\">: la pi\u00e8ce ma\u00eetresse<\/strong> id\u00e9ale pour sublimer n&rsquo;importe quelle tenue.<\/p>\n<p data-start=\"474\" data-end=\"697\"><strong data-start=\"476\" data-end=\"501\">\u2728 Pourquoi vous allez les adorer :<\/strong><br data-start=\"501\" data-end=\"504\">\u2022 Design accrocheur inspir\u00e9 du soleil<br data-start=\"538\" data-end=\"541\">\u2022 Le centre perl\u00e9 apporte douceur et sophistication<br data-start=\"588\" data-end=\"591\">\u2022 L\u00e9ger et confortable \u00e0 porter toute la journ\u00e9e<br data-start=\"637\" data-end=\"640\">\u2022 Parfait pour les occasions sp\u00e9ciales ou pour un look \u00e9clatant au quotidien<\/p>\n<p><strong>Materiel:<\/strong> Acier inoxydable<br \/>\n<strong>Details:<\/strong><br \/>\n<strong>Style:Chic, g\u00e9om\u00e9trique, minimaliste<\/strong><br \/>\n<strong>Conception :<\/strong> L\u00e9ger, confortable et hypoallerg\u00e9nique<\/p>\n","protected":false},"excerpt":{"rendered":"<h3><strong>Boucles d&rsquo;oreilles Soleil<span style=\"font-size: 16px;\"> en acier inoxydable<\/span><\/strong><\/h3>\n<p>Design Soleil<\/p>\n","protected":false},"featured_media":7806,"comment_status":"open","ping_status":"closed","template":"","meta":{"_monsterinsights_skip_tracking":false,"_monsterinsights_sitenote_active":false,"_monsterinsights_sitenote_note":"","_monsterinsights_sitenote_category":0},"product_brand":[],"product_cat":[95,136,106,102],"product_tag":[],"class_list":{"0":"post-5466","1":"product","2":"type-product","3":"status-publish","4":"has-post-thumbnail","6":"product_cat-boucles-doreilles","7":"product_cat-boucles-doreilles-lumiere-sacree","8":"product_cat-collection-lumiere-sacree","9":"product_cat-edition-limitee","11":"first","12":"instock","13":"shipping-taxable","14":"purchasable","15":"product-type-simple"},"jetpack_sharing_enabled":true,"_links":{"self":[{"href":"https:\/\/www.justjoyas.com\/fr\/wp-json\/wp\/v2\/product\/5466","targetHints":{"allow":["GET"]}}],"collection":[{"href":"https:\/\/www.justjoyas.com\/fr\/wp-json\/wp\/v2\/product"}],"about":[{"href":"https:\/\/www.justjoyas.com\/fr\/wp-json\/wp\/v2\/types\/product"}],"replies":[{"embeddable":true,"href":"https:\/\/www.justjoyas.com\/fr\/wp-json\/wp\/v2\/comments?post=5466"}],"wp:featuredmedia":[{"embeddable":true,"href":"https:\/\/www.justjoyas.com\/fr\/wp-json\/wp\/v2\/media\/7806"}],"wp:attachment":[{"href":"https:\/\/www.justjoyas.com\/fr\/wp-json\/wp\/v2\/media?parent=5466"}],"wp:term":[{"taxonomy":"product_brand","embeddable":true,"href":"https:\/\/www.justjoyas.com\/fr\/wp-json\/wp\/v2\/product_brand?post=5466"},{"taxonomy":"product_cat","embeddable":true,"href":"https:\/\/www.justjoyas.com\/fr\/wp-json\/wp\/v2\/product_cat?post=5466"},{"taxonomy":"product_tag","embeddable":true,"href":"https:\/\/www.justjoyas.com\/fr\/wp-json\/wp\/v2\/product_tag?post=5466"}],"curies":[{"name":"wp","href":"https:\/\/api.w.org\/{rel}","templated":true}]}}

<h3 data-start="148" data-end="242"><strong data-start="149" data-end="219">Boucles d&rsquo;oreilles Soleil – Une déclaration radieuse pour femmes</strong></h3>
<p data-start="221" data-end="472">Brillez de mille feux avec ces magnifiques <strong data-start="254" data-end="275">boucles d&rsquo;oreilles soleil,</strong> où les rayons dorés rencontrent l&rsquo;élégance d&rsquo;une perle lumineuse. À la fois audacieuses et délicates, elles évoquent l&rsquo;énergie solaire, la grâce féminine et la beauté intemporelle <strong data-start="430" data-end="449">: la pièce maîtresse</strong> idéale pour sublimer n&rsquo;importe quelle tenue.</p>
<p data-start="474" data-end="697"><strong data-start="476" data-end="501">✨ Pourquoi vous allez les adorer :</strong><br data-start="501" data-end="504">• Design accrocheur inspiré du soleil<br data-start="538" data-end="541">• Le centre perlé apporte douceur et sophistication<br data-start="588" data-end="591">• Léger et confortable à porter toute la journée<br data-start="637" data-end="640">• Parfait pour les occasions spéciales ou pour un look éclatant au quotidien</p>
<p><strong>Materiel:</strong> Acier inoxydable<br />
<strong>Details:</strong><br />
<strong>Style:Chic, géométrique, minimaliste</strong><br />
<strong>Conception :</strong> Léger, confortable et hypoallergénique</p>
